True
Is 43 a factor of 36389?
False
Is 26 a multiple of 2?
True
Does 15 divide 4227?
False
Does 7 divide 657?
False
Is 231 a factor of 88823?
False
Is 21 a factor of 2006?
False
Does 11 divide 23737?
False
Is 20 a factor of 8560?
True
Is 12714 a multiple of 4?
False
Does 33 divide 363?
True
Is 39 a factor of 1872?
True
Is 108 a factor of 1943?
False
Is 14 a factor of 560?
True
Does 2 divide 643?
False
Is 15 a factor of 5746?
False
Does 36 divide 2088?
True
Does 109 divide 93338?
False
Is 10835 a multiple of 55?
True
Is 27 a factor of 1861?
False
Does 6 divide 698?
False
Is 5021 a multiple of 17?
False
Does 6 divide 55?
False
Is 461 a multiple of 4?
False
Is 1411 a multiple of 17?
True
Is 14 a factor of 1232?
True
Is 162 a multiple of 6?
True
Is 53 a factor of 1375?
False
Does 44 divide 40518?
False
Does 6 divide 1146?
True
Does 18 divide 6084?
True
Is 16 a factor of 6672?
True
Is 7 a factor of 355?
False
Is 60 a multiple of 12?
True
Is 271 even?
False
Is 4 a factor of 1544?
True
Does 7 divide 3015?
False
Is 29525 a multiple of 19?
False
Is 112 a factor of 14390?
False
Is 137 a factor of 78638?
True
Does 4 divide 268?
True
Is 86 a multiple of 14?
False
Does 26 divide 858?
True
Is 126 a factor of 42336?
True
Does 8 divide 328?
True
Does 7 divide 114?
False
Is 460 a multiple of 92?
True
Does 28 divide 1433?
False
Does 23 divide 6854?
True
Is 23542 a multiple of 79?
True
Is 6334 a multiple of 3?
False
Does 14 divide 598?
False
Is 136 a factor of 34136?
True
Does 41 divide 19721?
True
Does 77 divide 2387?
True
Does 64 divide 21778?
False
Is 19 a factor of 12638?
False
Is 7 a factor of 147?
True
Is 97 a factor of 7857?
True
Is 29026 a multiple of 15?
False
Is 21 a factor of 294?
True
Does 37 divide 1607?
False
Is 49 a factor of 1498?
False
Does 46 divide 644?
True
Is 107 a factor of 1191?
False
Is 22 a factor of 8800?
True
Is 494 a multiple of 19?
True
Is 6 a factor of 4938?
True
Does 16 divide 96?
True
Does 4 divide 1680?
True
Is 16 a factor of 2428?
False
Is 31 a factor of 4805?
True
Is 150 a multiple of 30?
True
Is 22 a factor of 15380?
False
Does 12 divide 1044?
True
Does 19 divide 57?
True
Is 66144 a multiple of 26?
True
Is 1360 a multiple of 102?
False
Does 36 divide 17030?
False
Is 3095 a multiple of 46?
False
Does 6 divide 32367?
False
Does 13 divide 1326?
True
Is 8 a factor of 112?
True
Is 5 a factor of 10608?
False
Does 11 divide 319?
True
Is 11 a factor of 4235?
True
Is 10 a factor of 735?
False
Is 20 a factor of 26980?
True
Is 29 a factor of 522?
True
Does 24 divide 9186?
False
Is 72 a factor of 2520?
True
Does 65 divide 21759?
False
Does 67 divide 5762?
True
Is 1778 a multiple of 14?
True
Does 2 divide 920?
True
Is 15 a factor of 772?
False
Does 13 divide 253?
False
Is 1197 a multiple of 21?
True
Does 28 divide 2034?
False
Is 6 a factor of 10411?
False
Is 19 a factor of 3553?
True
Is 62 a factor of 62?
True
Does 83 divide 1909?
True
Is 45 a factor of 1911?
False
Is 4 a factor of 26?
False
Is 9 a factor of 183?
False
Does 25 divide 4209?
False
Does 102 divide 4345?
False
Is 87 a factor of 6889?
False
Does 29 divide 860?
False
Is 3 a factor of 2526?
True
Is 87 a factor of 787?
False
Is 130 a factor of 2108?
False
Does 9 divide 2277?
True
Is 1357 a multiple of 23?
True
Is 4 a factor of 150?
False
Does 52 divide 2808?
True
Does 10 divide 7523?
False
Is 11 a factor of 77?
True
Is 4432 a multiple of 33?
False
Is 12393 a multiple of 23?
False
Does 2 divide 22991?
False
Is 4 a factor of 797?
False
Does 3 divide 7444?
False
Is 364 a multiple of 14?
True
Is 16324 a multiple of 98?
False
Does 18 divide 63?
False
Is 8641 a multiple of 81?
False
Is 20 a factor of 946?
False
Is 10 a factor of 280?
True
Does 12 divide 745?
False
Is 7590 a multiple of 30?
True
Does 19 divide 2508?
True
Does 11 divide 22?
True
Is 8 a factor of 3218?
False
Is 23 a multiple of 7?
False
Is 25 a multiple of 5?
True
Is 13 a factor of 79108?
False
Does 60 divide 660?
True
Is 105 a factor of 4620?
True
Does 25 divide 2915?
False
Is 804 a multiple of 14?
False
Is 7 a factor of 15117?
False
Does 3 divide 2022?
True
Does 9 divide 48958?
False
Does 22 divide 308?
True
Is 7 a factor of 224?
True
Does 6 divide 66161?
False
Is 18 a factor of 2578?
False
Does 41 divide 2232?
False
Does 42 divide 3223?
False
Does 15 divide 765?
True
Is 3 a factor of 5781?
True
Is 211 a multiple of 14?
False
Is 9 a factor of 23085?
True
Is 5 a factor of 284?
False
Is 66 a factor of 92?
False
Is 735 a multiple of 15?
True
Is 6 a factor of 7752?
True
Is 574 a multiple of 18?
False
Is 42 a factor of 38178?
True
Is 21 a factor of 393?
False
Is 41711 a multiple of 317?
False
Is 5 a factor of 30725?
True
Does 19 divide 95?
True
Is 5 a factor of 392?
False
Does 16 divide 352?
True
Is 31 a factor of 800?
False
Is 5 a factor of 148?
False
Is 38 a factor of 4902?
True
Does 62 divide 1208?
False
Is 4 a factor of 1088?
True
Is 795 a multiple of 15?
True
Does 43 divide 559?
True
Is 16 a factor of 1024?
True
Is 16 a factor of 521?
False
Is 44 a multiple of 8?
False
Is 10 a factor of 991?
False
Does 10 divide 632?
False
Does 39 divide 253?
False
Is 513 even?
False
Is 30 a factor of 10290?
True
Is 20 a factor of 60?
True
Does 7 divide 83208?
False
Is 759 a multiple of 11?
True
Is 36 a factor of 381?
False
Is 10 a factor of 450?
True
Is 23 a factor of 147?
False
Is 5328 a multiple of 24?
True
Does 57 divide 4503?
True
Does 2 divide 5368?
True
Is 28486 a multiple of 125?
False
Does 11 divide 3377?
True
Is 798 a multiple of 21?
True
Is 2 a factor of 6130?
True
Does 11 divide 125946?
False
Does 10 divide 7210?
True
Is 124 a factor of 2429?
False
Does 7 divide 4976?
False
Does 22 divide 880?
True
Is 10 a factor of 12682?
False
Is 48 a multiple of 8?
True
Does 30 divide 133?
False
Does 14 divide 88215?
False
Does 50 divide 104350?
True
Is 5922 a multiple of 126?
True
Is 124 a factor of 7844?
False
Is 336 a multiple of 8?
True
Does 2 divide 162?
True
Is 7 a factor of 19265?
False
Is 47040 a multiple of 35?
True
Is 24 a factor of 2424?
True
Is 6 a factor of 144?
True
Is 34 a factor of 1740?
False
Does 6 divide 4731?
False
Does 3 divide 1098?
True
Is 10450 a multiple of 50?
True
Is 8 a factor of 941?
False
Does 82 divide 8938?
True
Is 117 a multiple of 39?
True
Is 63 a factor of 21546?
True
Is 55 a factor of 10395?
True
Does 7 divide 816?
False
Is 4 a factor of 181?
False
Does 27 divide 6480?
True
Is 13 a factor of 47736?
True
Does 11 divide 1144?
True
Does 28 divide 7308?
True
Is 16928 a multiple of 32?
True
Is 85748 a multiple of 13?
True
Does 4 divide 92?
True
Is 134 a factor of 15946?
True
Is 28 a multiple of 7?
True
Is 136 a multiple of 49?
False
Is 56 a multiple of 2?
True
Does 19 divide 361?
True
Is 66 a factor of 6535?
False
Is 7303 a multiple of 67?
True
Does 3 divide 84?
True
Is 37138 a multiple of 62?
True
Is 15271 a multiple of 75?
False
Is 5481 a multiple of 18?
False
Is 160 a multiple of 4?
True
Is 15 a factor of 545?
False
Is 34 a factor of 1224?
True
Is 3417 a multiple of 51?
True
Is 18568 a multiple of 8?
True
Is 8517 a multiple of 2?
False
Is 192 a multiple of 12?
True
Is 226 a multiple of 2?
True
Does 9 divide 37471?
False
Is 457 a multiple of 4?
False
Is 1122 a multiple of 9?
False
Is 29 a factor of 3953?
False
Is 649 a multiple of 59?
True
Is 44 a factor of 2076?
False
Is 8384 a multiple of 52?
False
Is 52 a factor of 128127?
False
Is 25 a factor of 9752?
False
Does 26 divide 2652?
True
Does 286 divide 7436?
True
Is 858 a multiple of 26?
True
Is 11 a factor of 605?
True
Is 28 a factor of 381?
False
Is 2880 a multiple of 9?
True
Is 52728 a multiple of 52?
True
Is 2100 a multiple of 175?
True
Is 25 a factor of 1125?
True
Is 12194 a multiple of 89?
False
Does 32 divide 2528?
True
Is 375 a multiple of 25?
True
Is 38782 a multiple of 72?
False
Does 18 divide 1116?
True
Does 26 divide 1067?
False
Is 2142 a multiple of 51?
True
Is 5705 a multiple of 182?
False
Is 36 a factor of 2340?
True
Is 3281 a multiple of 6?
False
Does 63 divide 767?
False
Is 13 a factor of 1213?
False
Is 113 a multiple of 50?
False
Does 17 divide 4626?
False
Is 438 a multiple of 6?
True
Is 837 a multiple of 31?
True
Is 33 a factor of 396?
True
Is 382 a multiple of 30?
False
Is 18 a factor of 34827?
False
Is 360 a multiple of 15?
True
Is